hat is 1 - 210001220201?
-210001220200
In base 2, what is 111100 - -11111111010?
100000110110
In base 15, what is -eec3b - 4?
-eec40
In base 10, what is -368 - 127?
-495
In base 14, what is 10a32 - -14?
10a46
In base 10, what is 18 - -454?
472
In base 14, what is 3 - -d469?
d46c
In base 5, what is -1 + -421130?
-421131
In base 6, what is -22 - -1424344?
1424322
In base 14, what is -5 - 1ad7c?
-1ad83
In base 9, what is 71 - 70?
1
In base 2, what is 100110101001 + -101001111?
100001011010
In base 5, what is -3 - 30401?
-30404
In base 8, what is 4 - 13175?
-13171
In base 3, what is -20 + -101210200012?
-101210200102
In base 3, what is 1 - 101200102?
-101200101
In base 16, what is -516b + f?
-515c
In base 13, what is b + -7a9?
-79b
In base 12, what is -5 + 144?
13b
In base 16, what is 279d + -40?
275d
In base 15, what is 4 - -25ce4?
25ce8
In base 15, what is 1 - -3bb4?
3bb5
In base 4, what is -12 - 1122132230?
-1122132302
In base 2, what is -10001 + 1010010101?
1010000100
In base 10, what is 17444 + 2?
17446
In base 7, what is 61 - -1231?
1322
In base 3, what is -10120 - 1020002?
-1100122
In base 9, what is -365040 + 3?
-365036
In base 16, what is 1a3e - -2ef?
1d2d
In base 13, what is 10b + -1c5?
-b7
In base 5, what is 20401 - -40?
20441
In base 3, what is 220210211 - -12?
220211000
In base 3, what is 11 - -1101220020?
1101220101
In base 5, what is 132014 - -2303?
134322
In base 5, what is 24120002 - -2?
24120004
In base 5, what is 1 - -22331000?
22331001
In base 9, what is 116244 + -1?
116243
In base 12, what is -82 + 22557?
22495
In base 4, what is -102 - 100130013?
-100130121
In base 12, what is 10b69 - -9b?
11048
In base 16, what is -5 - 38a2?
-38a7
In base 10, what is 37526 + 4?
37530
In base 6, what is 414 - -244?
1102
In base 10, what is -976 + -110?
-1086
In base 14, what is 308 - 23?
2c5
In base 4, what is 112 - -2002003?
2002121
In base 12, what is -29 - 28a1?
-290a
In base 10, what is -268 - 2865?
-3133
In base 8, what is 15401 + 0?
15401
In base 13, what is -338 - -191?
-177
In base 6, what is -41201 + 1120?
-40041
In base 2, what is 101100111100101101 - 10010?
101100111100011011
In base 2, what is 101000100111111 + -110?
101000100111001
In base 12, what is 6 + -13469?
-13463
In base 4, what is 331232332 - 11?
331232321
In base 10, what is 7 - 2573?
-2566
In base 6, what is 2451 + -34?
2413
In base 14, what is -2442 - -85?
-239b
In base 10, what is 649 + 65?
714
In base 6, what is -35151 + 130?
-35021
In base 4, what is 3020300 + 130?
3021030
In base 14, what is -d4240 + 0?
-d4240
In base 11, what is 186 - -577?
752
In base 11, what is -336 + -159?
-494
In base 8, what is -241346 + 3?
-241343
In base 11, what is a878 - 31?
a847
In base 13, what is -305c - 5?
-3064
In base 12, what is -2 - -209116?
209114
In base 15, what is -11d + -21?
-13e
In base 7, what is 244 + -1102?
-525
In base 3, what is -12 + -22212211?
-22220000
In base 11, what is 44503 - -2?
44505
In base 7, what is -130 - 123616?
-124046
In base 7, what is -2430661 - 1?
-2430662
In base 15, what is 2 - -319c6?
319c8
In base 8, what is -16674023 - -4?
-16674017
In base 12, what is 1b + 731?
750
In base 7, what is -6 - -515?
506
In base 4, what is 0 - 220202003?
-220202003
In base 3, what is 22022212 + 10102?
22110021
In base 5, what is 4410201 - -1?
4410202
In base 5, what is 123432 - 4?
123423
In base 11, what is 280 + 240?
510
In base 3, what is -2012000212220 - 10?
-2012000220000
In base 6, what is -113114 + -4?
-113122
In base 10, what is -54622 - -5?
-54617
In base 12, what is 5103 + 11?
5114
In base 13, what is -21 - -229?
208
In base 6, what is 1 - -4044124?
4044125
In base 9, what is 4 + 161438?
161443
In base 13, what is 5b30 + -2?
5b2b
In base 13, what is -2 + -a068?
-a06a
In base 11, what is -4321 - 4?
-4325
In base 15, what is 163 + 103?
266
In base 5, what is -22 + -41310?
-41332
In base 6, what is 4 + -2415530?
-2415522
In base 16, what is -3ac9 + -6?
-3acf
In base 9, what is 4 + 583745?
583750
In base 13, what is 80 - 208?
-158
In base 2, what is 0 - -110001000100000?
110001000100000
In base 11, what is 84 + -190?
-107
In base 2, what is -100 - -100010010001?
100010001101
In base 11, what is 1 + 225a?
2260
In base 14, what is -3b17 - -1?
-3b16
In base 11, what is -4a01 + -8?
-4a09
In base 8, what is -1 - -566354?
566353
In base 7, what is -2466 + -241?
-3040
In base 15, what is 1c7e - -4?
1c83
In base 8, what is -4 + -3761334?
-3761340
In base 3, what is -100202012 + 20202?
-100111110
In base 2, what is 1 + 1000101011001111?
1000101011010000
In base 11, what is -1689 + 1037?
-652
In base 3, what is -10 + -221101022212?
-221101022222
In base 6, what is -4 - -454324?
454320
In base 5, what is -21 + -2130?
-2201
In base 5, what is 2 + -3130034?
-3130032
In base 10, what is -11 + -15336?
-15347
In base 12, what is -5 - -66598?
66593
In base 12, what is -2 - -200827?
200825
In base 14, what is -ac0 - -29?
-a95
In base 16, what is -1 - -1ea3?
1ea2
In base 14, what is bc - -9b?
179
In base 4, what is -23013310 - -10?
-23013300
In base 2, what is -1000110100101101 - -1011100?
-1000110011010001
In base 16, what is -257 - -7e5?
58e
In base 3, what is 121221 + 2021?
201012
In base 4, what is -310331 - 12?
-311003
In base 3, what is -2101001221 + -120?
-2101002111
In base 16, what is -4 + 8b4f1?
8b4ed
In base 2, what is 10 + -111101011111110?
-111101011111100
In base 14, what is -3 + -1945?
-1948
In base 11, what is a5 + -344?
-24a
In base 15, what is 1 - 104?
-103
In base 11, what is 20164 - -3?
20167
In base 14, what is 2 - -1004?
1006
In base 5, what is -411214231 - 1?
-411214232
In base 14, what is -1c10 + 6d?
-1b81
In base 4, what is -3 - 123331320?
-123331323
In base 8, what is -10 + 20567?
20557
In base 4, what is -21 + 122113?
122032
In base 7, what is 1 - 6635?
-6634
In base 14, what is -14c54 - 12?
-14c66
In base 11, what is -5 + 4713?
4709
In base 4, what is 1313 - -101123?
103102
In base 9, what is 5 + -52470?
-52464
In base 15, what is 2a7cb + -5?
2a7c6
In base 2, what is 1110001010011001000 + 100?
1110001010011001100
In base 14, what is 39 + 1088?
10c3
In base 13, what is -b7216 - 3?
-b7219
In base 3, what is 1021111 - 21001?
1000110
In base 14, what is -41614 - -b?
-41607
In base 13, what is 20 + -36c?
-34c
In base 14, what is 0 - -cd8?
cd8
In base 8, what is -1065 - 5?
-1072
In base 10, what is -3 + -690811?
-690814
In base 12, what is 737360 + -4?
737358
In base 15, what is -a1a - c?
-a27
In base 8, what is -4 + -75404?
-75410
In base 6, what is -314001 - -5?
-313552
In base 9, what is 1 + -2023?
-2022
In base 5, what is 3223 + -14032?
-10304
In base 7, what is 363005 - 16?
362656
In base 5, what is -20 + -4301312?
-4301332
In base 7, what is 6 - -31046?
31055
In base 9, what is 50852 - 0?
50852
In base 3, what is -121 + -11002?
-11200
In base 6, what is 153031044 + -3?
153031041
In base 2, what is 10110101111 + 1111010001?
100110000000
In base 5, what is -220043042 - -2?
-220043040
In base 16, what is -17 + -1c78?
-1c8f
In base 11, what is 39 + -77?
-39
In base 16, what is -4f - -2ce?
27f
In base 13, what is 4 - 512203?
-5121cc
In base 11, what is -88 - -2a?
-59
In base 6, what is 14013 - 2054?
11515
In base 9, what is -2362 - 17?
-2380
In base 11, what is 12 + 33333?
33345
In base 14, what is -11 + -dc?
-10d
In base 3, what is -2 + 12100112222?
12100112220
In base 14, what is 2b1d + 42?
2b61
In base 14, what is 144dc + 3?
14501
In base 3, what is -212211202 - -10220?
-212200212
In base 4, what is -132013 + 22?
-131331
In base 7, what is -322353 - -2?
-322351
In base 14, what is -907 - 10?
-917
In base 2, what is 10010100 - 1000011001011?
-1000000110111
In base 16, what is -3 + 3a21?
3a1e
In base 3, what is 102221211121012 - 1?
102221211121011
In base 4, what is -10230 - 3333?
-20223
In base 16, what is 57 - -563?
5ba
In base 16, what is -314a4 + 3?
-314a1
In base 12, what is 10b2b + 13?
10b42
In base 5, what is -103322011 + 2?
-103322004
In base 4, what is -3 + -33101?
-33110
In base 2, what is -10 - 1010101001000?
-1010101001010
In base 14, what is -201b + -10?
-202b
In base 5, what is -3 + 110003343?
110003340
In base 7, what is 40 - 22360?
-22320
In base 16, what is -11e47 + -4?
-11e4b
In base 9, what is -117 + 54077?
53860
In base 14, what is 